rue
Is 3598384991 a composite number?
False
Is 3677510869 prime?
False
Is 2871383763 prime?
False
Is 505896718 a composite number?
True
Is 2047580917 a composite number?
False
Is 33690145927 composite?
False
Is 58878362371 a composite number?
False
Is 9873951301 composite?
True
Is 5056127795 composite?
True
Is 622605197 a composite number?
False
Is 47430266813 prime?
False
Is 28109930617 composite?
False
Is 9820858991 composite?
False
Is 177590869 prime?
True
Is 1060624907 prime?
True
Is 214814056283 composite?
False
Is 1651086701 a prime number?
False
Is 84977191581 a composite number?
True
Is 81469314215 composite?
True
Is 80197141 a composite number?
True
Is 124045837 a prime number?
True
Is 1343194183 prime?
False
Is 12845477389 composite?
True
Is 260192577 composite?
True
Is 15068332241 a prime number?
True
Is 2791518061 prime?
False
Is 1666453163 a composite number?
False
Is 1727371153 prime?
False
Is 104717673103 prime?
True
Is 213761105171 a prime number?
True
Is 11943469537 a prime number?
False
Is 16199719013 a composite number?
False
Is 1895287 a prime number?
True
Is 2317644029 a composite number?
False
Is 5831678767 prime?
False
Is 1979051587 a prime number?
True
Is 3065955518 a composite number?
True
Is 2559449303 prime?
False
Is 922252769 a prime number?
True
Is 92544738745 prime?
False
Is 1059288047 composite?
False
Is 7146845477 a prime number?
True
Is 103836653407 composite?
False
Is 11379374593 a composite number?
True
Is 3432949661 prime?
False
Is 479337031 a composite number?
False
Is 403212611 prime?
False
Is 68984699581 a prime number?
False
Is 54012720653 a prime number?
False
Is 734466543 a prime number?
False
Is 111305561 a composite number?
False
Is 40134011413 a composite number?
False
Is 264248137 a composite number?
True
Is 10046812247 a prime number?
False
Is 489334289 a prime number?
False
Is 18647654429 composite?
False
Is 28386100949 prime?
True
Is 1648518973 a composite number?
True
Is 97099779131 a prime number?
False
Is 22171915921 a composite number?
False
Is 89251077731 prime?
False
Is 76491910687 composite?
True
Is 2205842749 composite?
True
Is 2829084649 composite?
True
Is 1139397143 a prime number?
False
Is 16418829137 a prime number?
False
Is 50775349 prime?
True
Is 6974546609 prime?
False
Is 689667761 a prime number?
True
Is 2774867149 a composite number?
False
Is 27450283569 composite?
True
Is 1911730453 a composite number?
True
Is 33066061493 a prime number?
False
Is 38123514683 composite?
False
Is 4987516297 prime?
False
Is 357687617 prime?
False
Is 31310047 prime?
True
Is 26855670005 a prime number?
False
Is 1155618103 prime?
True
Is 5024172001 prime?
True
Is 8034201997 prime?
True
Is 277487681 a composite number?
False
Is 347406937 a prime number?
False
Is 8660367377 prime?
False
Is 3566562271 a composite number?
True
Is 24624010633 a composite number?
False
Is 76408247218 a prime number?
False
Is 2961406141 a composite number?
True
Is 3313457767 composite?
False
Is 15837714374 composite?
True
Is 42950437 a composite number?
True
Is 150733349 prime?
False
Is 33089222657 composite?
False
Is 1598237273 a prime number?
True
Is 454514480027 a composite number?
True
Is 83573960642 a composite number?
True
Is 63577188559 a prime number?
True
Is 399306367 a composite number?
False
Is 832679071 a prime number?
False
Is 81303247 prime?
False
Is 3778431383 a prime number?
False
Is 2803688087 composite?
True
Is 1730099647 composite?
False
Is 2217630715 prime?
False
Is 1804187447 a prime number?
False
Is 38264417 a prime number?
True
Is 185629249 a composite number?
True
Is 81924463 a prime number?
True
Is 78581897 composite?
False
Is 61358351 a prime number?
True
Is 4431344417 prime?
True
Is 1277134307 composite?
False
Is 3955207679 composite?
True
Is 10168843439 a prime number?
True
Is 102536017 composite?
True
Is 13715081893 prime?
False
Is 2384545211 a composite number?
False
Is 66597229693 composite?
False
Is 376676161 prime?
False
Is 2899728829 prime?
False
Is 1549405063 a composite number?
True
Is 742739479 composite?
False
Is 2092613399 composite?
False
Is 1561539439 composite?
False
Is 1408805071 prime?
True
Is 2854381553 composite?
True
Is 244731131 a prime number?
True
Is 81894749 a composite number?
False
Is 57569905865 prime?
False
Is 32671367549 composite?
True
Is 2920295383 prime?
False
Is 1187882149 a prime number?
False
Is 7965259483 composite?
True
Is 8872650937 a composite number?
False
Is 7024205357 composite?
True
Is 873870797 composite?
True
Is 4174787003 a prime number?
True
Is 107772611 prime?
True
Is 33805611277 a composite number?
True
Is 93535888315 prime?
False
Is 14287973069 a composite number?
True
Is 723811367 a prime number?
True
Is 3684702929 a composite number?
False
Is 589152689 prime?
True
Is 11532146719 prime?
True
Is 754553777 a prime number?
True
Is 12521394289 a prime number?
True
Is 635925163 composite?
False
Is 12180393881 a prime number?
False
Is 5254885921 prime?
False
Is 176759677 a prime number?
False
Is 176837413 a prime number?
True
Is 7192733179 composite?
False
Is 69751781906 a composite number?
True
Is 191864311 a prime number?
False
Is 60840329 prime?
False
Is 3895940479 prime?
True
Is 236918207 composite?
False
Is 28377825703 prime?
True
Is 1278196661 composite?
True
Is 367422449 prime?
True
Is 1046818049 composite?
False
Is 7486229161 a composite number?
False
Is 167683333 prime?
True
Is 69277641 prime?
False
Is 14254088959 composite?
True
Is 22421875513 composite?
False
Is 506004049 prime?
False
Is 1441134931 a composite number?
True
Is 12067497278 a prime number?
False
Is 2214164137 a prime number?
True
Is 1431827401 a composite number?
False
Is 90006209 prime?
True
Is 414193778 prime?
False
Is 7902990457 a composite number?
False
Is 1246372597 composite?
True
Is 317640363 composite?
True
Is 2043354217 composite?
False
Is 1216835863 prime?
True
Is 40094598331 a prime number?
True
Is 14714614063 prime?
True
Is 2664945379 a prime number?
True
Is 1601534479 composite?
False
Is 2542376411 a composite number?
False
Is 442249483 composite?
True
Is 18027249439 composite?
True
Is 62936511497 a composite number?
True
Is 124315908683 prime?
True
Is 463405097 a prime number?
True
Is 4805578927 prime?
False
Is 70630564558 prime?
False
Is 2255550103 a prime number?
True
Is 34667813797 a composite number?
False
Is 50290941677 prime?
True
Is 205472471 a prime number?
False
Is 15129451399 a composite number?
True
Is 101579311679 composite?
False
Is 281843981 composite?
False
Is 52201669 composite?
True
Is 10039517 composite?
True
Is 112312833239 prime?
False
Is 1677501841 a prime number?
False
Is 983699243 composite?
False
Is 1757367691 prime?
True
Is 1548500663 prime?
True
Is 303734681 a prime number?
True
Is 1245713122 composite?
True
Is 33767867609 prime?
False
Is 1869816889 composite?
False
Is 71483883509 composite?
False
Is 19200117757 prime?
True
Is 98468219 a composite number?
True
Is 565673447 a prime number?
True
Is 10542882719 a composite number?
False
Is 14392387549 a composite number?
False
Is 172930687889 a prime number?
False
Is 1373265107 a composite number?
True
Is 3317235223 prime?
False
Is 539895037 a composite number?
True
Is 8737779359 a prime number?
False
Is 46277214969 prime?
False
Is 138399241 a composite number?
True
Is 22783473487 composite?
False
Is 2714896441 a prime number?
False
Is 26890287937 a composite number?
False
Is 336864389 composite?
True
Is 730837517 composite?
False
Is 1423410629 a composite number?
True
Is 226626055631 prime?
True
Is 1078424029 a prime number?
True
Is 12478420463 prime?
False
Is 7525331603 a prime number?
False
Is 3305699063 composite?
True
Is 3314662759 a composite number?
True
Is 37054466437 a composite number?
False
Is 917981117 composite?
True
Is 657701381 prime?
False
Is 321957341 prime?
True
Is 814760951 a prime number?
False
Is 3052880479 a prime number?
False
Is 9699532841 prime?
False
Is 1665472867 prime?
True
Is 3987738241 composite?
False
Is 2660272663 composite?
False
Is 4366708507 composite?
True
Is 120339558599 composite?
True
Is 36872335219 a prime number?
True
Is 151388591 prime?
True
Is 21659699 a prime number?
True
Is 19629207979 prime?
False
Is 4612006489 prime?
True
Is 3804715339 a pri